ist the prime factors of 1245338.
2, 622669
List the prime factors of 2703669.
3, 101, 8923
List the prime factors of 954867.
3, 318289
What are the prime factors of 224519?
17, 47, 281
List the prime factors of 3401707.
3401707
What are the prime factors of 50225?
5, 7, 41
List the prime factors of 114919.
7, 16417
What are the prime factors of 8651225?
5, 11, 163, 193
What are the prime factors of 259039?
11, 23549
What are the prime factors of 7758247?
7, 1108321
List the prime factors of 7072626.
2, 3, 11, 101, 1061
List the prime factors of 406039.
151, 2689
What are the prime factors of 459224?
2, 137, 419
What are the prime factors of 523956?
2, 3, 47, 929
List the prime factors of 336473.
47, 7159
What are the prime factors of 6019675?
5, 19, 23, 29
What are the prime factors of 128765?
5, 7, 13, 283
What are the prime factors of 9604183?
53, 181211
What are the prime factors of 405478?
2, 29, 6991
List the prime factors of 7262969.
7, 1037567
What are the prime factors of 6223530?
2, 3, 5, 17, 12203
What are the prime factors of 282617?
282617
List the prime factors of 16648136.
2, 23, 173, 523
List the prime factors of 1924310.
2, 5, 192431
List the prime factors of 1038153.
3, 346051
What are the prime factors of 698359?
698359
What are the prime factors of 107414?
2, 43, 1249
What are the prime factors of 1302761?
17, 197, 389
What are the prime factors of 2315134?
2, 23, 50329
List the prime factors of 1687808.
2, 19, 347
List the prime factors of 1700282.
2, 191, 4451
What are the prime factors of 7880107?
31, 254197
List the prime factors of 2817251.
2817251
What are the prime factors of 34236669?
3, 11412223
List the prime factors of 32792.
2, 4099
List the prime factors of 1751719.
1751719
List the prime factors of 55645.
5, 31, 359
What are the prime factors of 104732?
2, 26183
What are the prime factors of 37257?
3, 11, 1129
List the prime factors of 4876479.
3, 541831
What are the prime factors of 10171816?
2, 83, 15319
List the prime factors of 5498293.
17, 503, 643
List the prime factors of 609912.
2, 3, 43, 197
What are the prime factors of 1997917?
59, 33863
What are the prime factors of 934094?
2, 7, 66721
List the prime factors of 6038123.
7, 13, 9479
What are the prime factors of 3503166?
2, 3, 583861
What are the prime factors of 41538?
2, 3, 7, 23, 43
List the prime factors of 7429886.
2, 3714943
What are the prime factors of 5381?
5381
List the prime factors of 5613809.
103, 54503
List the prime factors of 1127339.
73, 15443
What are the prime factors of 13635974?
2, 11, 29, 67
List the prime factors of 435080.
2, 5, 73, 149
List the prime factors of 41593.
41593
List the prime factors of 343632.
2, 3, 7159
What are the prime factors of 10992725?
5, 439709
List the prime factors of 3095773.
79, 149, 263
List the prime factors of 1015670.
2, 5, 47, 2161
List the prime factors of 442496.
2, 3457
List the prime factors of 1016731.
1016731
List the prime factors of 7025974.
2, 3512987
List the prime factors of 2810607.
3, 936869
What are the prime factors of 2805006?
2, 3, 109, 4289
What are the prime factors of 323631?
3, 7, 11, 467
What are the prime factors of 558229?
7, 17, 4691
List the prime factors of 5172758.
2, 2586379
What are the prime factors of 1790778?
2, 3, 11, 43, 631
What are the prime factors of 37145?
5, 17, 19, 23
List the prime factors of 3384672.
2, 3, 35257
List the prime factors of 879720.
2, 3, 5, 7331
What are the prime factors of 25354810?
2, 5, 13, 41, 67, 71
What are the prime factors of 785567?
43, 18269
What are the prime factors of 540138?
2, 3, 90023
List the prime factors of 2021604.
2, 3, 13, 12959
What are the prime factors of 963981?
3, 3967
List the prime factors of 25731.
3, 953
List the prime factors of 2620335.
3, 5, 73, 2393
List the prime factors of 411757.
17, 53, 457
List the prime factors of 340304.
2, 21269
What are the prime factors of 565735?
5, 113147
What are the prime factors of 15977105?
5, 157, 20353
List the prime factors of 6258025.
5, 193, 1297
What are the prime factors of 866356?
2, 59, 3671
What are the prime factors of 2469562?
2, 137, 9013
List the prime factors of 2895010.
2, 5, 23, 41, 307
List the prime factors of 1375711.
67, 20533
List the prime factors of 142376.
2, 13, 37
List the prime factors of 1517018.
2, 659, 1151
What are the prime factors of 7059?
3, 13, 181
List the prime factors of 120735.
3, 5, 2683
What are the prime factors of 2138752?
2, 7, 11, 31
List the prime factors of 6192157.
19, 31, 10513
List the prime factors of 16082666.
2, 8041333
What are the prime factors of 308823?
3, 311, 331
List the prime factors of 3369187.
3369187
List the prime factors of 1340369.
1340369
What are the prime factors of 1179234?
2, 3, 7, 191
What are the prime factors of 83262?
2, 3, 13877
List the prime factors of 324662.
2, 13, 12487
List the prime factors of 10911.
3, 3637
List the prime factors of 350642.
2, 17, 10313
What are the prime factors of 4424739?
3, 11, 19, 7057
List the prime factors of 69132.
2, 3, 7, 823
List the prime factors of 23191383.
3, 17, 23, 1163
What are the prime factors of 330364?
2, 82591
List the prime factors of 1089401.
1089401
List the prime factors of 2517213.
3, 839071
List the prime factors of 856828.
2, 7, 71, 431
List the prime factors of 122797.
19, 23, 281
What are the prime factors of 1224960?
2, 3, 5, 11, 29
List the prime factors of 170009.
7, 149, 163
What are the prime factors of 192640?
2, 5, 7, 43
List the prime factors of 91058.
2, 11, 4139
List the prime factors of 1397290.
2, 5, 139729
List the prime factors of 17902019.
29, 617311
List the prime factors of 447811.
7, 13, 19, 37
List the prime factors of 3353831.
13, 257987
List the prime factors of 414916.
2, 47, 2207
What are the prime factors of 865819?
865819
List the prime factors of 12433623.
3, 4144541
What are the prime factors of 14584?
2, 1823
What are the prime factors of 2348906?
2, 7, 167779
What are the prime factors of 365680?
2, 5, 7, 653
What are the prime factors of 12828102?
2, 3, 7, 43633
What are the prime factors of 1859451?
3, 11, 29, 67
List the prime factors of 1715420.
2, 5, 7, 12253
List the prime factors of 263158.
2, 7, 18797
List the prime factors of 2388882.
2, 3, 61, 107
List the prime factors of 7657745.
5, 1531549
What are the prime factors of 2450387?
2450387
What are the prime factors of 2179918?
2, 13, 83843
List the prime factors of 775383.
3, 7, 36923
List the prime factors of 126142.
2, 59, 1069
List the prime factors of 1380012.
2, 3, 115001
List the prime factors of 86610.
2, 3, 5, 2887
List the prime factors of 88096.
2, 2753
List the prime factors of 427897.
449, 953
List the prime factors of 352406.
2, 23, 47, 163
What are the prime factors of 22707314?
2, 7, 31, 52321
What are the prime factors of 242043?
3, 80681
List the prime factors of 2786414.
2, 1091, 1277
What are the prime factors of 4855683?
3, 7, 231223
What are the prime factors of 4808150?
2, 5, 23, 37, 113
What are the prime factors of 13725616?
2, 857851
List the prime factors of 143575.
5, 5743
List the prime factors of 3604981.
3604981
What are the prime factors of 613498?
2, 306749
List the prime factors of 4006910.
2, 5, 19, 21089
List the prime factors of 1360056.
2, 3, 61, 929
What are the prime factors of 128119?
128119
What are the prime factors of 1579548?
2, 3, 23, 59, 97
What are the prime factors of 419509?
17, 24677
List the prime factors of 193601.
193601
List the prime factors of 970630.
2, 5, 29, 3347
List the prime factors of 2987063.
967, 3089
What are the prime factors of 150403?
11, 113
List the prime factors of 4112221.
131, 31391
What are the prime factors of 166430?
2, 5, 11, 17, 89
List the prime factors of 1259735.
5, 251947
What are the prime factors of 17463747?
3, 7, 118801
List the prime factors of 18599794.
2, 1493, 6229
List the prime factors of 20444423.
211, 96893
List the prime factors of 1636614.
2, 3, 7, 31, 419
List the prime factors of 130797.
3, 14533
What are the prime factors of 140331?
3, 29, 1613
What are the prime factors of 14707050?
2, 3, 5, 98047
List the prime factors of 77778.
2, 3, 29, 149
What are the prime factors of 30766?
2, 15383
What are the prime factors of 3697638?
2, 3, 7, 12577
Li